{"id":1319,"date":"2021-11-21T15:14:19","date_gmt":"2021-11-21T15:14:19","guid":{"rendered":"https:\/\/samspilogsprog.dk\/index.php\/about\/"},"modified":"2026-04-08T18:54:18","modified_gmt":"2026-04-08T18:54:18","slug":"om-mig","status":"publish","type":"page","link":"https:\/\/samspilogsprog.dk\/index.php\/om-mig\/","title":{"rendered":"Om mig"},"content":{"rendered":"<h1>Om mig<\/h1>\n<h2>Mit navn er Stine Juul Lawaetz<\/h2>\n<p>Jeg er uddannet cand mag i audiologop\u00e6di fra K\u00f8benhavns Universitet i 2005. Siden blev jeg certificeret Marte Meo-terapeut, senere Marte Meo-supervisor og er i dag licensed supervisor indenfor metoden<br \/>\nI 2016 blev jeg EarlyBird-uddannet under National Autistic Society og har gennem flere \u00e5r afholdt for\u00e6ldrekurser.<br \/>\nJeg er ansat i en PPR, hvor jeg varetager logop\u00e6diske opgaver samt s\u00e6ropgaver indenfor autisme.<br \/>\nJeg er medlem af Audiologop\u00e6disk Forening og Marte Meo Foreningen i Danmark. Bes\u00f8g Marte Meo Foreningen<a href=\"https:\/\/www.martemeo.dk\/\"> her<\/a> og l\u00e6s meget mere om metoden.<\/p>\n<p><img loading=\"lazy\" decoding=\"async\" src=\"https:\/\/samspilogsprog.dk\/wp-content\/uploads\/2023\/02\/IMG_20221231_160301_381-1024x1024.jpg\" alt=\"Selvportr\u00e6t af Stine Juul Lawaetz\" width=\"1024\" height=\"1024\" \/><br \/>\n<img decoding=\"async\" src=\"https:\/\/samspilogsprog.dk\/wp-content\/uploads\/2021\/11\/quotes.svg\" alt=\"\" \/><\/p>\n<h4>\u201cDu skal have en k\u00e6mpe tak for et fantastisk og veltilrettelagt Marte Meo-forl\u00f8b. Vi har nydt din store faglighed, dit enorme vid om b\u00f8rn og deres udvikling samt den positive og vitale stemning du har skabt p\u00e5 holdet.<br \/>\n\u201d<\/h4>\n<p>Marte Meo-terapeuthold 2020<\/p>\n","protected":false},"excerpt":{"rendered":"<p>Om mig Mit navn er Stine Juul Lawaetz Jeg er uddannet cand mag i audiologop\u00e6di fra K\u00f8benhavns Universitet i 2005. Siden blev jeg certificeret Marte Meo-terapeut, senere Marte Meo-supervisor og er i dag licensed supervisor indenfor metoden I 2016 blev jeg EarlyBird-uddannet under National Autistic Society og har gennem flere \u00e5r afholdt for\u00e6ldrekurser. Jeg er &hellip;<\/p>\n<p class=\"read-more\"> <a class=\"\" href=\"https:\/\/samspilogsprog.dk\/index.php\/om-mig\/\"> <span class=\"screen-reader-text\">Om mig<\/span> L\u00e6s mere &raquo;<\/a><\/p>\n","protected":false},"author":1,"featured_media":0,"parent":0,"menu_order":0,"comment_status":"closed","ping_status":"closed","template":"","meta":{"site-sidebar-layout":"no-sidebar","site-content-layout":"page-builder","ast-global-header-display":"","ast-main-header-display":"","ast-hfb-above-header-display":"","ast-hfb-below-header-display":"","ast-hfb-mobile-header-display":"","site-post-title":"disabled","ast-breadcrumbs-content":"","ast-featured-img":"disabled","footer-sml-layout":"","theme-transparent-header-meta":"enabled","adv-header-id-meta":"","stick-header-meta":"","header-above-stick-meta":"","header-main-stick-meta":"","header-below-stick-meta":"","footnotes":""},"class_list":["post-1319","page","type-page","status-publish","hentry"],"yoast_head":"<!-- This site is optimized with the Yoast SEO plugin v19.13 - https:\/\/yoast.com\/wordpress\/plugins\/seo\/ -->\n<title>Om mig - Samspil og Sprog<\/title>\n<meta name=\"description\" content=\"Jeg er audiologop\u00e6d, Marte Meo-supervisor og EarlyBird-uddannet og har gennem flere \u00e5r holdt kurser for b\u00e5de for\u00e6ldre og fagprofessionelle...\" \/>\n<meta name=\"robots\" content=\"index, follow, max-snippet:-1, max-image-preview:large, max-video-preview:-1\" \/>\n<link rel=\"canonical\" href=\"https:\/\/samspilogsprog.dk\/index.php\/om-mig\/\" \/>\n<meta property=\"og:locale\" content=\"da_DK\" \/>\n<meta property=\"og:type\" content=\"article\" \/>\n<meta property=\"og:title\" content=\"Om mig - Samspil og Sprog\" \/>\n<meta property=\"og:description\" content=\"Jeg er audiologop\u00e6d, Marte Meo-supervisor og EarlyBird-uddannet og har gennem flere \u00e5r holdt kurser for b\u00e5de for\u00e6ldre og fagprofessionelle...\" \/>\n<meta property=\"og:url\" content=\"https:\/\/samspilogsprog.dk\/index.php\/om-mig\/\" \/>\n<meta property=\"og:site_name\" content=\"Samspil og Sprog\" \/>\n<meta property=\"article:modified_time\" content=\"2026-04-08T18:54:18+00:00\" \/>\n<meta property=\"og:image\" content=\"https:\/\/samspilogsprog.dk\/wp-content\/uploads\/2023\/02\/IMG_20221231_160301_381-1024x1024.jpg\" \/>\n<meta name=\"twitter:card\" content=\"summary_large_image\" \/>\n<meta name=\"twitter:label1\" content=\"Estimeret l\u00e6setid\" \/>\n\t<meta name=\"twitter:data1\" content=\"2 minutter\" \/>\n<script type=\"application\/ld+json\" class=\"yoast-schema-graph\">{\"@context\":\"https:\/\/schema.org\",\"@graph\":[{\"@type\":\"WebPage\",\"@id\":\"https:\/\/samspilogsprog.dk\/index.php\/om-mig\/\",\"url\":\"https:\/\/samspilogsprog.dk\/index.php\/om-mig\/\",\"name\":\"Om mig - Samspil og Sprog\",\"isPartOf\":{\"@id\":\"https:\/\/samspilogsprog.dk\/#website\"},\"datePublished\":\"2021-11-21T15:14:19+00:00\",\"dateModified\":\"2026-04-08T18:54:18+00:00\",\"description\":\"Jeg er audiologop\u00e6d, Marte Meo-supervisor og EarlyBird-uddannet og har gennem flere \u00e5r holdt kurser for b\u00e5de for\u00e6ldre og fagprofessionelle...\",\"breadcrumb\":{\"@id\":\"https:\/\/samspilogsprog.dk\/index.php\/om-mig\/#breadcrumb\"},\"inLanguage\":\"da-DK\",\"potentialAction\":[{\"@type\":\"ReadAction\",\"target\":[\"https:\/\/samspilogsprog.dk\/index.php\/om-mig\/\"]}]},{\"@type\":\"BreadcrumbList\",\"@id\":\"https:\/\/samspilogsprog.dk\/index.php\/om-mig\/#breadcrumb\",\"itemListElement\":[{\"@type\":\"ListItem\",\"position\":1,\"name\":\"Hjem\",\"item\":\"https:\/\/samspilogsprog.dk\/\"},{\"@type\":\"ListItem\",\"position\":2,\"name\":\"Om mig\"}]},{\"@type\":\"WebSite\",\"@id\":\"https:\/\/samspilogsprog.dk\/#website\",\"url\":\"https:\/\/samspilogsprog.dk\/\",\"name\":\"Samspil og Sprog\",\"description\":\"Samspil og Sprog besk\u00e6ftiger sig med vejledning i b\u00f8rns sproglige udvikling\",\"publisher\":{\"@id\":\"https:\/\/samspilogsprog.dk\/#organization\"},\"potentialAction\":[{\"@type\":\"SearchAction\",\"target\":{\"@type\":\"EntryPoint\",\"urlTemplate\":\"https:\/\/samspilogsprog.dk\/?s={search_term_string}\"},\"query-input\":\"required name=search_term_string\"}],\"inLanguage\":\"da-DK\"},{\"@type\":\"Organization\",\"@id\":\"https:\/\/samspilogsprog.dk\/#organization\",\"name\":\"Samspil og Sprog\",\"url\":\"https:\/\/samspilogsprog.dk\/\",\"logo\":{\"@type\":\"ImageObject\",\"inLanguage\":\"da-DK\",\"@id\":\"https:\/\/samspilogsprog.dk\/#\/schema\/logo\/image\/\",\"url\":\"https:\/\/samspilogsprog.dk\/wp-content\/uploads\/2023\/04\/soslogo.svg\",\"contentUrl\":\"https:\/\/samspilogsprog.dk\/wp-content\/uploads\/2023\/04\/soslogo.svg\",\"width\":100,\"height\":100,\"caption\":\"Samspil og Sprog\"},\"image\":{\"@id\":\"https:\/\/samspilogsprog.dk\/#\/schema\/logo\/image\/\"}}]}<\/script>\n<!-- \/ Yoast SEO plugin. -->","yoast_head_json":{"title":"Om mig - Samspil og Sprog","description":"Jeg er audiologop\u00e6d, Marte Meo-supervisor og EarlyBird-uddannet og har gennem flere \u00e5r holdt kurser for b\u00e5de for\u00e6ldre og fagprofessionelle...","robots":{"index":"index","follow":"follow","max-snippet":"max-snippet:-1","max-image-preview":"max-image-preview:large","max-video-preview":"max-video-preview:-1"},"canonical":"https:\/\/samspilogsprog.dk\/index.php\/om-mig\/","og_locale":"da_DK","og_type":"article","og_title":"Om mig - Samspil og Sprog","og_description":"Jeg er audiologop\u00e6d, Marte Meo-supervisor og EarlyBird-uddannet og har gennem flere \u00e5r holdt kurser for b\u00e5de for\u00e6ldre og fagprofessionelle...","og_url":"https:\/\/samspilogsprog.dk\/index.php\/om-mig\/","og_site_name":"Samspil og Sprog","article_modified_time":"2026-04-08T18:54:18+00:00","og_image":[{"url":"https:\/\/samspilogsprog.dk\/wp-content\/uploads\/2023\/02\/IMG_20221231_160301_381-1024x1024.jpg"}],"twitter_card":"summary_large_image","twitter_misc":{"Estimeret l\u00e6setid":"2 minutter"},"schema":{"@context":"https:\/\/schema.org","@graph":[{"@type":"WebPage","@id":"https:\/\/samspilogsprog.dk\/index.php\/om-mig\/","url":"https:\/\/samspilogsprog.dk\/index.php\/om-mig\/","name":"Om mig - Samspil og Sprog","isPartOf":{"@id":"https:\/\/samspilogsprog.dk\/#website"},"datePublished":"2021-11-21T15:14:19+00:00","dateModified":"2026-04-08T18:54:18+00:00","description":"Jeg er audiologop\u00e6d, Marte Meo-supervisor og EarlyBird-uddannet og har gennem flere \u00e5r holdt kurser for b\u00e5de for\u00e6ldre og fagprofessionelle...","breadcrumb":{"@id":"https:\/\/samspilogsprog.dk\/index.php\/om-mig\/#breadcrumb"},"inLanguage":"da-DK","potentialAction":[{"@type":"ReadAction","target":["https:\/\/samspilogsprog.dk\/index.php\/om-mig\/"]}]},{"@type":"BreadcrumbList","@id":"https:\/\/samspilogsprog.dk\/index.php\/om-mig\/#breadcrumb","itemListElement":[{"@type":"ListItem","position":1,"name":"Hjem","item":"https:\/\/samspilogsprog.dk\/"},{"@type":"ListItem","position":2,"name":"Om mig"}]},{"@type":"WebSite","@id":"https:\/\/samspilogsprog.dk\/#website","url":"https:\/\/samspilogsprog.dk\/","name":"Samspil og Sprog","description":"Samspil og Sprog besk\u00e6ftiger sig med vejledning i b\u00f8rns sproglige udvikling","publisher":{"@id":"https:\/\/samspilogsprog.dk\/#organization"},"potentialAction":[{"@type":"SearchAction","target":{"@type":"EntryPoint","urlTemplate":"https:\/\/samspilogsprog.dk\/?s={search_term_string}"},"query-input":"required name=search_term_string"}],"inLanguage":"da-DK"},{"@type":"Organization","@id":"https:\/\/samspilogsprog.dk\/#organization","name":"Samspil og Sprog","url":"https:\/\/samspilogsprog.dk\/","logo":{"@type":"ImageObject","inLanguage":"da-DK","@id":"https:\/\/samspilogsprog.dk\/#\/schema\/logo\/image\/","url":"https:\/\/samspilogsprog.dk\/wp-content\/uploads\/2023\/04\/soslogo.svg","contentUrl":"https:\/\/samspilogsprog.dk\/wp-content\/uploads\/2023\/04\/soslogo.svg","width":100,"height":100,"caption":"Samspil og Sprog"},"image":{"@id":"https:\/\/samspilogsprog.dk\/#\/schema\/logo\/image\/"}}]}},"rttpg_featured_image_url":null,"rttpg_author":{"display_name":"admin","author_link":"https:\/\/samspilogsprog.dk\/index.php\/author\/hamleyburger\/"},"rttpg_comment":0,"rttpg_category":null,"rttpg_excerpt":"Om mig Mit navn er Stine Juul Lawaetz Jeg er uddannet cand mag i audiologop\u00e6di fra K\u00f8benhavns Universitet i 2005. Siden blev jeg certificeret Marte Meo-terapeut, senere Marte Meo-supervisor og er i dag licensed supervisor indenfor metoden I 2016 blev jeg EarlyBird-uddannet under National Autistic Society og har gennem flere \u00e5r afholdt for\u00e6ldrekurser. Jeg er&hellip;","_links":{"self":[{"href":"https:\/\/samspilogsprog.dk\/index.php\/wp-json\/wp\/v2\/pages\/1319","targetHints":{"allow":["GET"]}}],"collection":[{"href":"https:\/\/samspilogsprog.dk\/index.php\/wp-json\/wp\/v2\/pages"}],"about":[{"href":"https:\/\/samspilogsprog.dk\/index.php\/wp-json\/wp\/v2\/types\/page"}],"author":[{"embeddable":true,"href":"https:\/\/samspilogsprog.dk\/index.php\/wp-json\/wp\/v2\/users\/1"}],"replies":[{"embeddable":true,"href":"https:\/\/samspilogsprog.dk\/index.php\/wp-json\/wp\/v2\/comments?post=1319"}],"version-history":[{"count":40,"href":"https:\/\/samspilogsprog.dk\/index.php\/wp-json\/wp\/v2\/pages\/1319\/revisions"}],"predecessor-version":[{"id":1876,"href":"https:\/\/samspilogsprog.dk\/index.php\/wp-json\/wp\/v2\/pages\/1319\/revisions\/1876"}],"wp:attachment":[{"href":"https:\/\/samspilogsprog.dk\/index.php\/wp-json\/wp\/v2\/media?parent=1319"}],"curies":[{"name":"wp","href":"https:\/\/api.w.org\/{rel}","templated":true}]}}